 = 2*z + 3. Calculate c(-1).
1
Let u(l) = -3*l**3 + 6*l**2 - 5*l + 4. Determine u(2).
-6
Let j(f) = -39*f + 1. Calculate j(1).
-38
Let v(t) = -3*t + 8. Determine v(0).
8
Let d(z) = z**2 - 2*z - 6. Determine d(-6).
42
Let m(z) = z**2 + 15*z + 20. Calculate m(-14).
6
Let y(l) = -6*l - 1. Give y(-1).
5
Let r(o) = 10*o + 6. Determine r(3).
36
Let i(k) = k**2 + 29*k - 261. Determine i(-36).
-9
Let a(h) = h**3 + 8*h**2 + 5*h - 6. What is a(-7)?
8
Let u(j) = -12*j**3 + j**2 - 1. Give u(-1).
12
Let p(u) = -5*u + 40. Give p(8).
0
Let w(o) = o**3 + o**2 - o - 10. What is w(0)?
-10
Let x(i) = 10*i + 5. Give x(2).
25
Let z(o) = o**2 + 10*o - 3. Give z(-9).
-12
Let h(u) = -u**2 - 4*u + 37. Give h(5).
-8
Let o(s) = -5*s + 7. Determine o(4).
-13
Let f(x) = 6*x**2 - 4*x + 3. Give f(1).
5
Let n(c) = c**2 - 2*c + 8. Give n(0).
8
Let q(r) = -6*r + 18. Give q(5).
-12
Let n(u) = -u**2 + 12*u + 41. Determine n(15).
-4
Let b(i) = -i**3 + 4*i**2 + 28*i - 20. Give b(7).
29
Let o(g) = g**2 + 45*g + 443. What is o(-31)?
9
Let l(c) = 4*c. Determine l(-8).
-32
Let b(k) = 3*k**2 + 8*k + 8. What is b(-4)?
24
Let s(c) = -39*c + 72. Determine s(2).
-6
Let r(q) = -2*q**2 - 3*q + 5. Give r(-5).
-30
Let o(u) = 3*u**3 + 10*u**2 + 7*u. Determine o(-4).
-60
Let r(i) = -35*i + 279. What is r(9)?
-36
Let a(j) = 2*j**2 + j - 1. Give a(-2).
5
Let j(p) = -2*p - 7. Determine j(8).
-23
Let p(f) = f**2 - 4*f - 7. Give p(6).
5
Let f(y) = -8*y - 1. Determine f(-6).
47
Let s(t) = t + 17. Give s(-8).
9
Let n(y) = 4*y**2 + 3*y. Calculate n(3).
45
Let s(u) = 101*u + 104. Give s(-1).
3
Let x(b) = 70*b - 356. Calculate x(5).
-6
Let y(v) = -v**3 + 3*v**2 + 13*v - 10. Give y(5).
5
Let f(l) = 10*l**2 - 3*l. Calculate f(2).
34
Let x(a) = -a**2 + 13*a - 44. Determine x(9).
-8
Let d(g) = -g**3 - 5*g**2 + 9*g + 14. Give d(-6).
-4
Let t(s) = -s**2 - 6*s + 12. Calculate t(-8).
-4
Let r(p) = -p**2 + 12*p + 32. What is r(14)?
4
Let l(i) = -5*i - 118. Determine l(-21).
-13
Let x(n) = n**3 - 6*n**2 + 5. Calculate x(5).
-20
Let r(z) = -21*z. What is r(2)?
-42
Let b(h) = 10*h - 10. Determine b(-5).
-60
Let w(q) = 12*q - 137. What is w(9)?
-29
Let p(j) = -j**2 + 9*j - 13. Calculate p(6).
5
Let m(u) = 2*u - 25. Calculate m(6).
-13
Let u(n) = n**3 - 5*n**2 - 10*n - 35. Calculate u(7).
-7
Let i(y) = y**3 - 8*y**2 + 16*y. Calculate i(4).
0
Let y(b) = b**3 - 8*b**2 + 3*b - 20. Give y(8).
4
Let h(b) = -8*b - 56. Give h(-8).
8
Let w(l) = 9*l**2 - 16*l + 6. What is w(3)?
39
Let v(c) = 5*c**3 + c**2 + 2*c - 1. What is v(2)?
47
Let t(p) = -p**2 - p + 1. Give t(3).
-11
Let d(b) = -4*b + 17. What is d(7)?
-11
Let a(h) = -78*h - 294. Determine a(-4).
18
Let o(i) = -i**3 + 6*i**2 + 17*i - 14. Determine o(8).
-6
Let d(u) = 2*u**2 + 32*u - 8. Give d(-16).
-8
Let g(r) = -r**2 + 1. Calculate g(5).
-24
Let c(r) = r**3 - 13*r**2 - 264*r - 6. Determine c(-11).
-6
Let i(u) = -3*u**3 - 5*u**2 - 2*u - 1. Determine i(-3).
41
Let k(p) = p**3 + 4*p**2 - p + 10. What is k(-5)?
-10
Let b(v) = 3*v**2 - 2*v + 2. Give b(3).
23
Let w(m) = -m**2 + 3*m - 1. Give w(7).
-29
Let g(x) = -x**2 - x - 7. Give g(0).
-7
Let v(o) = o**3 + 12*o**2 + 16*o - 40. Give v(-10).
0
Let q(y) = -14*y - 1. Calculate q(4).
-57
Let i(r) = -r**3 - 23*r**2 - 42*r - 8. Calculate i(-21).
-8
Let k(f) = f + 40. Determine k(-8).
32
Let g(b) = -b**3 + 6*b**2 - 4*b + 12. Give g(6).
-12
Let s(m) = -m**3 - 10*m**2 - 4*m. Give s(-10).
40
Let g(n) = -n**3 + n**2 + 4*n + 7. What is g(4)?
-25
Let f(y) = -y**3 + 8*y**2 - 10*y + 8. Calculate f(6).
20
Let w(x) = -7*x + 6. What is w(8)?
-50
Let o(i) = 13*i + 19. Give o(-1).
6
Let y(f) = 7*f + 25. Determine y(-7).
-24
Let v(u) = 4*u**2 + 7*u - 8. Determine v(1).
3
Let y(k) = -5*k**2 + 4*k - 7. Give y(5).
-112
Let z(r) = r**2 + 9*r + 12. What is z(-5)?
-8
Let z(y) = -2*y**2 + y + 1. Determine z(4).
-27
Let t(v) = -28*v + 378. Calculate t(14).
-14
Let h(m) = -3*m - 9. What is h(-4)?
3
Let j(d) = -8*d - 253. Calculate j(-32).
3
Let z(n) = -n**3 - 13*n**2 - 12*n + 4. Give z(-12).
4
Let o(z) = z**2 + 33*z + 46. Calculate o(-31).
-16
Let k(h) = 2*h**3 + 2*h**2 + 4*h + 7. Calculate k(-2).
-9
Let j(o) = o**3 - 3*o**2 + o + 3. Calculate j(3).
6
Let z(w) = 5*w**2 + 2*w - 5. Calculate z(2).
19
Let c(r) = 5*r - 2. Determine c(-4).
-22
Let r(z) = z**3 - z**2 - 4*z + 10. Give r(4).
42
Let a(r) = -r**3 - 3*r**2 - 2*r + 4. What is a(-3)?
10
Let y(o) = 6*o**3 - 5*o**2 + 8*o - 6. Give y(2).
38
Let b(a) = -a**3 + a**2 - 5*a + 3. What is b(3)?
-30
Let x(m) = -m**3 - 31*m**2 - 56*m + 9. What is x(-29)?
-49
Let q(b) = 2*b**3 - 8*b**2 - 7*b + 3. What is q(5)?
18
Let j(i) = -i + 32. What is j(-16)?
48
Let b(r) = 4*r - 19. Determine b(11).
25
Let b(q) = -q**2 + 2*q + 3. Calculate b(3).
0
Let h(g) = -g + 1. Calculate h(4).
-3
Let q(t) = -t**3 + 4*t + 3. Determine q(-2).
3
Let c(y) = -y**2 - 3*y - 6. Calculate c(-7).
-34
Let z(i) = -i**3 - 2*i**2 - 2. What is z(-2)?
-2
Let a(h) = 4*h**2 - 3*h + 6. What is a(2)?
16
Let p(v) = v**2 + 16*v + 6. Determine p(-12).
-42
Let a(g) = -9*g - 1. Determine a(-5).
44
Let o(f) = 42*f - 322. Determine o(8).
14
Let k(b) = 9*b**2 - 50*b - 52. What is k(-1)?
7
Let s(t) = 17*t - 11. Give s(6).
91
Let z(j) = -j**2 + 7*j + 10. Calculate z(6).
16
Let l(q) = -q + 2. Determine l(2).
0
Let n(d) = -d**3 + 7*d**2 - 9*d + 15. Give n(7).
-48
Let u(i) = -i**3 + 26*i**2 + 23*i + 63. Calculate u(27).
-45
Let d(i) = 6*i**3 - i**2 + 3*i - 3. Give d(1).
5
Let v(r) = -r**2 + 2*r + 3. Calculate v(3).
0
Let c(n) = 2*n + 17. What is c(-7)?
3
Let v(c) = c**2 - 17*c + 59. Give v(13).
7
Let k(y) = y**2 - y - 50. What is k(7)?
-8
Let g(o) = 3*o**2 + 68*o - 17. Give g(-23).
6
Let m(o) = 22*o + 149. Determine m(-7).
-5
Let d(f) = 9*f**2 - 3*f + 1. What is d(1)?
7
Let v(t) = -t**2 + 28*t - 51. Determine v(2).
1
Let p(i) = i**3 - 15*i**2 - 2*i + 34. Calculate p(15).
4
Let o(r) = -6*r - 25. Give o(5).
-55
Let g(i) = i**2 - 7*i + 11. Calculate g(6).
5
Let v(o) = o**2 + 13*o - 9. Determine v(-14).
5
Let y(x) = x**2 - 53. Calculate y(0).
-53
Let k(a) = a**2 - 7*a - 5. What is k(8)?
3
Let r(d) = d + 2. What is r(-4)?
-2
Let k(g) = g**3 + 15*g**2 - 31*g - 459. What is k(-15)?
6
Let o(p) = -2*p + 12. Determine o(0).
12
Let c(v) = 25*v - 1. Determine c(-1).
-26
Let l(y) = -y**3 + 7*y**2 - 5*y - 13. What is l(6)?
-7
Let m(f) = -f**3 + 4*f**2 + 8*f - 20. Calculate m(4).
12
Let x(t) = -4*t + 20. What is x(7)?
-8
Let a(n) = -n**3 - 10*n**2 + 10*n + 16. What is a(-11)?
27
Let h(j) = 6*j - 41. Determine h(23).
97
Let b(m) = 6*m + 65. What is b(-11)?
-1
Let g(o) = -4*o**2 + 6*o + 7. What is g(5)?
-63
Let h(m) = -m**3 - 7*m**2 - 8*m - 9. Give h(-6).
3
Let n(m) = -8*m - 79. Calculate n(-9).
-7
Let y(u) = -u + 10. What is y(-4)?
14
Let p(a) = -a**2 - 10*a + 21. Determine p(-12).
-3
Let g(i) = i**3 + 5*i**2 + 3*i + 1. Determine g(-4).
5
Let f(v) = -v**2 - 53. What is f(0)?
-53
Let x(y) = y**2 - 5*y - 3. Determine x(5).
-3
Let s(u) = 2*u**2 + 6*u - 1. What is s(-5)?
19
Let i(n) = -n**2 + 25*n + 3. Give i(25).
3
Let b(z) = z**3 - 21*z**2 - 5*z - 376. Calculate b(22).
-2
Let p(n) = 14*n**3 - n**2 + n - 1. Give p(1).
13
Let d(a) = -2*a**2 + 9*a + 19. Determine d(6).
1
Let n(x) = -x**3 + 5*x**2 - 3*x + 3. Calculate n(4).
7
Let k(b) = 9*b**2 - 2. Calculate k(1).
7
Let d(j) = j**2 + 10*j + 13. Calculate d(-8).
-3
Let o(u) = -u**2 + 24*u + 29. Determine o(25).
4
Let j(x) = -x**2 + 6. Determine j(0).
6
Let i(m) = -3*m**3 + m**2 - 2*m + 8. Calculate i(2).
-16
Let v(d) = -2*d**2 + 13*d + 12. Calculate v(8).
-12
Let o(f) = -4*f**2 + 1. What is o(2)?
-15
Let r(u) = -4*u**2 + 5*u - 3. Calculate r(1).
-2
Let d(i) = -3*i**3 + 6*i**2 - 2*i + 10. What is d(3)?
-23
Let g(a) = 2*a**2 + 18*a - 13. Calculate g(-11).
31
Let q(j) = -j**2 - 2*j + 14. Calculate q(-6).
-10
Let q(a) = a + 2. Give q(7).
9
Let d(j) = 23*j**3 - 2*j**2 + 9*j - 8. Determine d(1).
22
Let m(o) = o**3 + 5*o**2 + 4*o. Calculate m(-4).
0
Let l(u) = -2*u**2 + 9*u - 1. Determine l(6).
-19
Let u(m) = -m + 36. Give u(0).
36
Let v(l) = -l**2 + l + 3. Calculate v(-4).
-17
Let l(a) = a**3 - 9*a**2 + 9*a + 6. What is l(8)?
14
Let n(y) = -y**3 + 6*y**2 - 3*y + 11. Give n(6).
-7
Let c(t) = 2*t**2 + 2*t - 7. Give c(0).
-7
Let j(g) = -2*g**2 + 8*g - 7. Calculate j(6).
-31
Let w(a) = a**3 - 3*a**2 - 5*a + 9. Calculate w(6).
87
Let q(o) = -32*o